he remainder when 5621 is divided by 27.
5
Calculate the remainder when 159511 is divided by 127.
126
Calculate the remainder when 2942 is divided by 516.
362
What is the remainder when 22584 is divided by 11292?
0
Calculate the remainder when 23458 is divided by 204.
202
Calculate the remainder when 76228 is divided by 154.
152
What is the remainder when 5599 is divided by 313?
278
What is the remainder when 3400 is divided by 147?
19
Calculate the remainder when 3490 is divided by 194.
192
What is the remainder when 6653 is divided by 45?
38
Calculate the remainder when 129401 is divided by 26.
25
What is the remainder when 11066 is divided by 194?
8
What is the remainder when 47590 is divided by 23759?
72
What is the remainder when 91642 is divided by 615?
7
What is the remainder when 18501 is divided by 24?
21
What is the remainder when 8543 is divided by 2676?
515
What is the remainder when 202875 is divided by 301?
1
Calculate the remainder when 1111 is divided by 597.
514
What is the remainder when 10574 is divided by 311?
0
Calculate the remainder when 589 is divided by 47.
25
Calculate the remainder when 3391 is divided by 162.
151
What is the remainder when 64962 is divided by 436?
434
Calculate the remainder when 5928 is divided by 78.
0
What is the remainder when 7599 is divided by 190?
189
Calculate the remainder when 70780 is divided by 94.
92
What is the remainder when 433591 is divided by 664?
663
Calculate the remainder when 205821 is divided by 96.
93
What is the remainder when 36987 is divided by 9245?
7
What is the remainder when 2938 is divided by 517?
353
Calculate the remainder when 15149 is divided by 163.
153
What is the remainder when 23551 is divided by 147?
31
What is the remainder when 857 is divided by 274?
35
What is the remainder when 7869 is divided by 100?
69
Calculate the remainder when 106 is divided by 88.
18
What is the remainder when 123810 is divided by 12?
6
Calculate the remainder when 5170 is divided by 1712.
34
Calculate the remainder when 13010 is divided by 101.
82
What is the remainder when 38287 is divided by 168?
151
Calculate the remainder when 12428 is divided by 3104.
12
What is the remainder when 336300 is divided by 6467?
16
What is the remainder when 136472 is divided by 103?
100
Calculate the remainder when 228994 is divided by 9.
7
What is the remainder when 1303 is divided by 28?
15
Calculate the remainder when 401607 is divided by 110.
107
What is the remainder when 10622 is divided by 393?
11
Calculate the remainder when 228176 is divided by 9.
8
Calculate the remainder when 1801 is divided by 623.
555
Calculate the remainder when 399417 is divided by 133130.
27
What is the remainder when 21789 is divided by 330?
9
What is the remainder when 14646 is divided by 4725?
471
What is the remainder when 136348 is divided by 178?
0
What is the remainder when 12659 is divided by 12655?
4
What is the remainder when 1003398 is divided by 100?
98
What is the remainder when 2229735 is divided by 82?
73
Calculate the remainder when 3083 is divided by 15.
8
What is the remainder when 3027 is divided by 126?
3
What is the remainder when 14382 is divided by 238?
102
What is the remainder when 242516 is divided by 94?
90
Calculate the remainder when 2525 is divided by 161.
110
What is the remainder when 7578 is divided by 561?
285
What is the remainder when 5177 is divided by 7?
4
Calculate the remainder when 4467 is divided by 2225.
17
What is the remainder when 40027 is divided by 278?
273
Calculate the remainder when 8860 is divided by 111.
91
What is the remainder when 2694520 is divided by 14?
10
What is the remainder when 5663 is divided by 2688?
287
Calculate the remainder when 3012 is divided by 22.
20
What is the remainder when 9531 is divided by 265?
256
Calculate the remainder when 2492 is divided by 8.
4
Calculate the remainder when 3893 is divided by 9.
5
Calculate the remainder when 19311 is divided by 15.
6
Calculate the remainder when 4280 is divided by 4276.
4
What is the remainder when 2837 is divided by 82?
49
Calculate the remainder when 290607 is divided by 290578.
29
What is the remainder when 18335 is divided by 426?
17
What is the remainder when 1057918 is divided by 145?
143
What is the remainder when 4888 is divided by 366?
130
What is the remainder when 16633 is divided by 88?
1
Calculate the remainder when 42523 is divided by 25.
23
What is the remainder when 3956 is divided by 52?
4
Calculate the remainder when 10247 is divided by 42.
41
What is the remainder when 942 is divided by 461?
20
What is the remainder when 85989 is divided by 12284?
1
What is the remainder when 6300 is divided by 100?
0
Calculate the remainder when 13184 is divided by 13163.
21
Calculate the remainder when 53758 is divided by 128.
126
What is the remainder when 11928 is divided by 11876?
52
What is the remainder when 100619 is divided by 260?
259
What is the remainder when 7591 is divided by 100?
91
What is the remainder when 1817 is divided by 308?
277
Calculate the remainder when 23200 is divided by 23.
16
Calculate the remainder when 5607 is divided by 5526.
81
What is the remainder when 25292 is divided by 181?
133
What is the remainder when 3432908 is divided by 13?
11
What is the remainder when 8957 is divided by 2965?
62
What is the remainder when 88983 is divided by 618?
609
Calculate the remainder when 18848 is divided by 3768.
8
What is the remainder when 2707 is divided by 377?
68
Calculate the remainder when 401524 is divided by 6177.
19
Calculate the remainder when 53134 is divided by 216.
214
Calculate the remainder when 86072 is divided by 40.
32
Calculate the remainder when 71892 is divided by 175.
142
What is the remainder when 8009 is divided by 1330?
29
Calculate the remainder when 10198 is divided by 83.
72
What is the remainder when 40292 is divided by 84?
56
What is the remainder when 68282 is divided by 2138?
2004
Calculate the remainder when 3257 is divided by 646.
27
What is the remainder when 16783 is divided by 906?
475
Calculate the remainder when 287663 is divided by 91.
12
Calculate the remainder when 1262896 is divided by 351.
349
Calculate the remainder when 3523 is divided by 1157.
52
Calculate the remainder when 1505 is divided by 94.
1
What is the remainder when 18192 is divided by 9?
3
Calculate the remainder when 3130 is divided by 1556.
18
What is the remainder when 50681 is divided by 24?
17
What is the remainder when 11829 is divided by 124?
49
Calculate the remainder when 180605 is divided by 180577.
28
What is the remainder when 340083 is divided by 780?
3
What is the remainder when 6092 is divided by 217?
16
What is the remainder when 9070 is divided by 8532?
538
What is the remainder when 106217 is divided by 21?
20
Calculate the remainder when 75270 is divided by 62.
2
What is the remainder when 47911 is divided by 1583?
421
What is the remainder when 3977 is divided by 91?
64
Calculate the remainder when 18931 is divided by 6304.
19
Calculate the remainder when 1889 is divided by 319.
294
Calculate the remainder when 31515 is divided by 153.
150
What is the remainder when 192698 is divided by 384?
314
What is the remainder when 298 is divided by 12?
10
Calculate the remainder when 34002 is divided by 4854.
24
What is the remainder when 54772 is divided by 96?
52
Calculate the remainder when 6521 is divided by 652.
1
Calculate the remainder when 1370 is divided by 73.
56
Calculate the remainder when 7258 is divided by 2414.
16
What is the remainder when 18564 is divided by 9276?
12
What is the remainder when 11893 is divided by 232?
61
Calculate the remainder when 17258 is divided by 456.
386
Calculate the remainder when 11569 is divided by 11553.
16
What is the remainder when 9374 is divided by 4649?
76
Calculate the remainder when 2339 is divided by 2338.
1
What is the remainder when 34231 is divided by 901?
894
What is the remainder when 650 is divided by 608?
42
What is the remainder when 28949 is divided by 94?
91
What is the remainder when 82167 is divided by 63?
15
Calculate the remainder when 157825 is divided by 52605.
10
Calculate the remainder when 2647 is divided by 289.
46
Calculate the remainder when 13502 is divided by 4212.
866
Cal